{"id":8944,"date":"2010-06-29T11:23:41","date_gmt":"2010-06-29T09:23:41","guid":{"rendered":"http:\/\/trebarnslandet.se\/?page_id=8944"},"modified":"2013-03-08T13:10:59","modified_gmt":"2013-03-08T12:10:59","slug":"tweets-archive","status":"publish","type":"page","link":"https:\/\/trebarnslandet.se\/?page_id=8944","title":{"rendered":"F\u00f6lj mig g\u00e4rna p\u00e5 Twitter och Instagram"},"content":{"rendered":"<p>Du kan f\u00f6lja <strong>Trebarnslandet<\/strong> p\u00e5<strong> <a href=\"http:\/\/twitter.com\/trebarnslandet\" target=\"_blank\">twitter.com\/trebarnslandet<\/a>\u00a0<\/strong>och p\u00e5\u00a0<a href=\"http:\/\/instagram.com\/ingelajepp\">http:\/\/instagram.com\/ingelajepp<\/a>\u00a0 \u00a0<strong><br \/>\n<\/strong><\/p>\n<p>Tyv\u00e4rr funkar min twitterwidget h\u00e4r till h\u00f6ger inte s\u00e5 vidare bra i Internet Explorer. Anv\u00e4nd ist\u00e4llet Firefox. Om du vill komma direkt till min Twittersida klicka p\u00e5 bilden nedan. <strong>V\u00e4lkommen!<\/strong><\/p>\n<p><a href=\"http:\/\/twitter.com\/trebarnslandet\" target=\"_blank\"><img loading=\"lazy\" decoding=\"async\" class=\"alignnone size-full wp-image-10243\" title=\"twitter\" src=\"https:\/\/trebarnslandet.se\/wp-content\/uploads\/2010\/06\/twitter.jpg\" alt=\"\" width=\"650\" height=\"299\" srcset=\"https:\/\/trebarnslandet.se\/wp-content\/uploads\/2010\/06\/twitter.jpg 650w, https:\/\/trebarnslandet.se\/wp-content\/uploads\/2010\/06\/twitter-300x138.jpg 300w\" sizes=\"(max-width: 650px) 100vw, 650px\" \/><\/a><\/p>\n","protected":false},"excerpt":{"rendered":"<p>Du kan f\u00f6lja Trebarnslandet p\u00e5 twitter.com\/trebarnslandet\u00a0och p\u00e5\u00a0http:\/\/instagram.com\/ingelajepp\u00a0 \u00a0 Tyv\u00e4rr funkar min twitterwidget h\u00e4r till h\u00f6ger inte s\u00e5 vidare bra i Internet Explorer. Anv\u00e4nd ist\u00e4llet Firefox. Om du vill komma direkt till min Twittersida klicka p\u00e5 bilden nedan. V\u00e4lkommen!<\/p>\n","protected":false},"author":1,"featured_media":0,"parent":0,"menu_order":0,"comment_status":"open","ping_status":"open","template":"","meta":{"footnotes":""},"aioseo_notices":[],"_links":{"self":[{"href":"https:\/\/trebarnslandet.se\/index.php?rest_route=\/wp\/v2\/pages\/8944"}],"collection":[{"href":"https:\/\/trebarnslandet.se\/index.php?rest_route=\/wp\/v2\/pages"}],"about":[{"href":"https:\/\/trebarnslandet.se\/index.php?rest_route=\/wp\/v2\/types\/page"}],"author":[{"embeddable":true,"href":"https:\/\/trebarnslandet.se\/index.php?rest_route=\/wp\/v2\/users\/1"}],"replies":[{"embeddable":true,"href":"https:\/\/trebarnslandet.se\/index.php?rest_route=%2Fwp%2Fv2%2Fcomments&post=8944"}],"version-history":[{"count":11,"href":"https:\/\/trebarnslandet.se\/index.php?rest_route=\/wp\/v2\/pages\/8944\/revisions"}],"predecessor-version":[{"id":10247,"href":"https:\/\/trebarnslandet.se\/index.php?rest_route=\/wp\/v2\/pages\/8944\/revisions\/10247"}],"wp:attachment":[{"href":"https:\/\/trebarnslandet.se\/index.php?rest_route=%2Fwp%2Fv2%2Fmedia&parent=8944"}],"curies":[{"name":"wp","href":"https:\/\/api.w.org\/{rel}","templated":true}]}}